020132433?
2020133023
In base 6, what is 20123132 - 243?
20122445
In base 16, what is 0 + 1fd6c7?
1fd6c7
In base 5, what is 12224223 + 2410?
12232133
In base 10, what is -18548 - 284?
-18832
In base 12, what is 84683 + -10b?
84574
In base 5, what is -13011 - -22322342?
22304331
In base 2, what is 1000110000100101110 - 1111?
1000110000100011111
In base 13, what is -1c + -c10b86?
-c10ba5
In base 12, what is -8 + 21467?
2145b
In base 13, what is 1 + -120a274?
-120a273
In base 11, what is -5 + 3109065?
3109060
In base 10, what is 10 - 9772248?
-9772238
In base 10, what is 1004183 + -1?
1004182
In base 7, what is -114242155 + 120?
-114242035
In base 5, what is -40343201200 - 3?
-40343201203
In base 13, what is -5 + 3b5818?
3b5813
In base 9, what is -22056173 - -88?
-22056074
In base 16, what is -a65 - -24f29?
244c4
In base 11, what is -60 + 57840?
57790
In base 5, what is -2344 - 313132?
-321031
In base 10, what is 2 + -245085612?
-245085610
In base 14, what is 0 - 846aab?
-846aab
In base 12, what is 6a5a24 + b9?
6a5b21
In base 7, what is 15641 + 442561?
461532
In base 5, what is 20034 - 142343?
-122304
In base 2, what is -100 - -1011001101001000011?
1011001101000111111
In base 2, what is -1001000110001110000011010 + 1110?
-1001000110001110000001100
In base 2, what is -10010100100011110011101 - -1010000?
-10010100100011101001101
In base 11, what is 5 + 39a56697?
39a566a1
In base 4, what is 30333 + 1002010?
1033003
In base 14, what is -402d6b + -27?
-402d94
In base 10, what is 19548 - -23?
19571
In base 4, what is 2 + -103310122012?
-103310122010
In base 15, what is -164 - -13060?
12deb
In base 15, what is 3a3d5e - 3?
3a3d5b
In base 15, what is 15 - -15c2da?
15c300
In base 2, what is 1011110 + 101110100100011100100?
101110100100101000010
In base 12, what is 197bba5 - 5?
197bba0
In base 14, what is -297d + 37c3?
c44
In base 7, what is 3021 - -44302?
50323
In base 5, what is 110000 - 4030211?
-3420211
In base 15, what is 1c + -2636c?
-26350
In base 2, what is -1011010000101001110111101011 + -1?
-1011010000101001110111101100
In base 8, what is -5 + -15205443?
-15205450
In base 16, what is -1d9 + c1a2?
bfc9
In base 2, what is -11000000100000 + 11110010?
-10111100101110
In base 4, what is 233330103030 - -3?
233330103033
In base 13, what is 947cb2 - 2c2?
9479c0
In base 3, what is -10000100111200 - 22?
-10000100111222
In base 5, what is 11313 + 11314331?
11331144
In base 16, what is -bc0bd - 3a?
-bc0f7
In base 15, what is 1641 + 4b22?
6263
In base 16, what is -2f0 - -53338?
53048
In base 5, what is -21213 + -1331?
-23044
In base 5, what is -121411 - -20103?
-101303
In base 7, what is -66 + 536141124?
536141025
In base 11, what is -335 - -106a7?
10372
In base 7, what is 6536 - 2402?
4134
In base 9, what is -4 - -48401713?
48401708
In base 14, what is a06d - b9?
9d94
In base 9, what is 30110 - 816?
28183
In base 16, what is 568f9 - -4a8?
56da1
In base 12, what is -18444 + -143?
-18587
In base 14, what is 16c848b + 5?
16c8492
In base 16, what is -35 + -6b9b57?
-6b9b8c
In base 9, what is 517245 - 311?
516834
In base 13, what is -5c6037 - 9?
-5c6043
In base 6, what is 45554342 - -5?
45554351
In base 9, what is -114782 - -277?
-114504
In base 10, what is 1 - -3979789?
3979790
In base 3, what is -10110 + -200221122210?
-200221210020
In base 16, what is 33eeeed - 3?
33eeeea
In base 4, what is -1112200 - -322132203?
321020003
In base 10, what is 80023345 + 1?
80023346
In base 6, what is 11142540 - 232?
11142304
In base 5, what is -11 + 13320232123?
13320232112
In base 8, what is 213267 + -223?
213044
In base 5, what is 11321 + -24323423?
-24312102
In base 12, what is -17ba352 - 2a?
-17ba380
In base 16, what is -45f60f - -6?
-45f609
In base 16, what is 50009 + -311?
4fcf8
In base 7, what is -2040 - -4314?
2244
In base 2, what is 100 - 1001111101111000110000?
-1001111101111000101100
In base 7, what is 3604066062 - 4?
3604066055
In base 6, what is -44413325 - -22?
-44413303
In base 8, what is 41357 - -2563?
44142
In base 12, what is 9730695 + -17?
973067a
In base 15, what is 0 + -1734dd?
-1734dd
In base 14, what is -141 - 41825?
-41966
In base 2, what is -11011111110111 + 1101000001111?
-1110111101000
In base 12, what is 324492 - 84?
32440a
In base 3, what is 1210110022211 + 20020?
1210110120001
In base 10, what is -1485373 + 95?
-1485278
In base 12, what is -b68 - 102a?
-1b96
In base 9, what is 7160 + 1811?
10071
In base 7, what is -2244 - 164?
-2441
In base 11, what is -651 + -236a10?
-237561
In base 13, what is -c59a0 + 13?
-c598a
In base 11, what is -60a6 - 387?
-6482
In base 11, what is -159a489 + -1?
-159a48a
In base 11, what is 1 - 293a50?
-293a4a
In base 16, what is -250e65 + -15?
-250e7a
In base 3, what is -2 - 121100221221012211?
-121100221221012220
In base 2, what is -10110000001100111010 + -110011?
-10110000001101101101
In base 15, what is -55b - -1b?
-540
In base 7, what is 402 - -34066161?
34066563
In base 9, what is 3 + 52375627?
52375631
In base 11, what is -38908a90 - -2?
-38908a89
In base 7, what is 24643 - 14615?
10025
In base 15, what is -c85d6 - -4e?
-c8587
In base 9, what is -5 + -26755678?
-26755684
In base 9, what is -657560007 + -5?
-657560013
In base 12, what is -7 + -563196?
-5631a1
In base 4, what is 1032202233 - 12?
1032202221
In base 4, what is 313 + 10031023?
10032002
In base 12, what is -1b898 + -1b3?
-1ba8b
In base 2, what is -10010000010111 + -10001011100100?
-100011011111011
In base 16, what is e3 - -2cb?
3ae
In base 14, what is -2 + -335d64d?
-335d651
In base 9, what is 21 - -541017?
541038
In base 2, what is -10101011000000110001101101 - 11?
-10101011000000110001110000
In base 6, what is 13455025 - -20?
13455045
In base 6, what is -544231000 + -1?
-544231001
In base 5, what is -10013 - 20103?
-30121
In base 11, what is 181 - -48663?
48834
In base 6, what is -112045233 - -3?
-112045230
In base 7, what is 4313325 + -204?
4313121
In base 13, what is 197222 + -1019?
196206
In base 14, what is 25a510 + -1?
25a50d
In base 9, what is -703 - -44105?
43302
In base 5, what is 1133 - 14030121?
-14023433
In base 3, what is 102 + 2101110122200?
2101110200002
In base 5, what is 31203401 + -13?
31203333
In base 15, what is 8ed + 1422e?
14b2c
In base 16, what is -45 + 40f2f?
40eea
In base 15, what is -2b - 259c1?
-259ec
In base 16, what is -10e79fc - -5?
-10e79f7
In base 2, what is -11001010000110111100010101 - 111?
-11001010000110111100011100
In base 9, what is -2 - 20601312?
-20601314
In base 9, what is 2 - 6641760?
-6641757
In base 6, what is -400 - -42452?
42052
In base 7, what is -443446 + -161?
-443640
In base 15, what is 4 - -30623d?
306242
In base 7, what is -33455364 - 0?
-33455364
In base 4, what is -3 - -2021132112223?
2021132112220
In base 14, what is 10312 - 222?
100d0
In base 8, what is 24026 + 111?
24137
In base 2, what is 1101000001 - -1010111000100?
1100100000101
In base 10, what is -22573656 - -5?
-22573651
In base 12, what is -199403 + -614?
-199a17
In base 14, what is -44154 + 4?
-44150
In base 6, what is -31551 + 112024?
40033
In base 3, what is 201211012 + -122?
201210120
In base 9, what is 531601 - -25?
531626
In base 6, what is 130 - -22433310?
22433440
In base 16, what is 15 - 3b8cf?
-3b8ba
In base 4, what is -232 - 202202311?
-202203203
In base 6, what is -15325305022 - 4?
-15325305030
In base 3, what is 211101000010020 + 2?
211101000010022
In base 4, what is 3020113201231 + 10?
3020113201301
In base 12, what is b8 - 2955b2?
-2954b6
In base 16, what is 2 + 137b4dd?
137b4df
In base 10, what is 1 + -2366512?
-2366511
In base 15, what is 4 + -9838a?
-98386
In base 12, what is -79669199 - 5?
-796691a2
In base 14, what is 268b855d - 0?
268b855d
In base 13, what is -5 + -36932b85?
-36932b8a
In base 7, what is -2005641 - 330?
-2006301
In base 14, what is -4d7 - -88d2?
83d9
In base 10, what is -47 - -382607?
382560
In base 16, what is 324 - -41a?
73e
In base 5, what is 34234201 + 100?
34234301
In base 10, what is 3 + 4877742?
4877745
In base 14, what is 13dcb + -70?
13d5b
In base 15, what is -11802 + -159a?
-12d9c
In base 9, what is -1638700 - 326?
-1640126
In base 12, what is 1566601 + -2?
15665bb
In base 12, what is 25a - 5a83?
-5825
In base 8, what is -3 + 7225114?
7225111
In base 5, what is 4 - 20321033034?
-20321033030
